 x(d) = -d**2 + 30*d - 187. Give x(30).
-187
Let i(q) = q**3 + 22*q**2 - 67*q - 14. What is i(-24)?
442
Let k(n) = -24*n + 11. Calculate k(-1).
35
Let k(h) = 5*h**3 - 24*h**2 + 23*h - 21. Give k(4).
7
Let g(d) = d**2 + 1749*d + 17404. What is g(-10)?
14
Let j(i) = -12060*i + 373859. What is j(31)?
-1
Let h(q) = q**3 - 32*q**2 + 236*q - 18. What is h(14)?
-242
Let g(l) = l**3 - 7*l**2 - 14*l - 35. Give g(8).
-83
Let n(j) = -j**2 + 45*j - 245. Calculate n(6).
-11
Let r(g) = -g**3 - 111*g**2 - 3044*g + 953. What is r(-60)?
-7
Let t(i) = -6*i**2 + 389*i + 1577. What is t(-4)?
-75
Let d(g) = -88*g - 1242. Calculate d(-14).
-10
Let z(y) = 6*y - 15. Calculate z(5).
15
Let k(r) = -2484*r + 2525. What is k(1)?
41
Let x(o) = -40*o**2 + 962*o - 60. Give x(24).
-12
Let u(t) = 89*t + 3673. Give u(-41).
24
Let a(l) = -l**3 - 4*l**2 - 8*l - 40. Give a(-5).
25
Let i(b) = 20*b**2 - 1240*b + 7. Determine i(62).
7
Let b(z) = -3*z**3 + 4*z**2 + 26*z - 72. What is b(6)?
-420
Let z(r) = r**2 + 18*r - 107. Determine z(10).
173
Let a(h) = h**2 - 17*h + 407. Give a(18).
425
Let d(p) = 62*p**3 - 3*p**2 + 2*p + 5. Determine d(-1).
-62
Let r(g) = -g**2 + 62*g - 231. Determine r(56).
105
Let k(a) = -92*a**2 + 6442*a - 163. Give k(70).
-23
Let b(k) = -k**2 + 16*k - 337. Give b(0).
-337
Let z(v) = 2*v**3 - 97*v**2 - 60*v + 476. What is z(49)?
-63
Let x(u) = u**2 + 12*u - 177. What is x(13)?
148
Let a(w) = -w**3 + 14*w**2 + 86*w - 596. Calculate a(17).
-1
Let b(g) = -112*g**3 - 2*g**2 - g + 1. Calculate b(-1).
112
Let w(p) = 37*p**2 - 69*p - 266. Determine w(-4).
602
Let p(i) = 9*i**2 + 71*i - 4. Calculate p(-8).
4
Let h(c) = c**3 - 44*c**2 + 36. Determine h(44).
36
Let l(s) = -193*s - 974. What is l(-5)?
-9
Let d(h) = -h**3 + 52*h**2 + 108*h - 147. Determine d(54).
-147
Let n(u) = 34*u + 744. Determine n(-22).
-4
Let m(r) = 22*r**3 + r**2 - 2. Calculate m(2).
178
Let f(l) = -6*l + 171. What is f(-22)?
303
Let f(t) = 122*t + 124. Calculate f(-4).
-364
Let m(p) = 2*p**3 + 146*p**2 + 413*p - 495. Calculate m(-70).
-5
Let z(n) = -18*n**2 - 203*n - 35. Determine z(-11).
20
Let h(s) = s**2 + 8*s - 19. Calculate h(-13).
46
Let x(y) = y**3 + y**2 + 2*y - 4. Give x(-3).
-28
Let c(m) = 83*m - 4066. Calculate c(49).
1
Let p(a) = -4*a**3 + 3*a**2 + 69*a + 226. What is p(-3)?
154
Let c(z) = 606*z + 22409. Calculate c(-37).
-13
Let m(s) = -208*s - 10884. Determine m(-52).
-68
Let x(o) = 78*o + 555. What is x(-7)?
9
Let b(x) = -2*x**2 + 40*x + 1698. Calculate b(-27).
-840
Let f(p) = p**2 + 30*p + 55. What is f(-25)?
-70
Let k(o) = -o**3 + 31*o**2 - 65*o + 402. Give k(29).
199
Let c(z) = 2*z**3 + 16*z**2 + z - 23. What is c(-8)?
-31
Let l(k) = -135*k + 68. Determine l(-1).
203
Let x(d) = 2*d**3 - 208*d**2 + 22*d - 2291. Give x(104).
-3
Let g(u) = -18*u + 22. Calculate g(-20).
382
Let s(j) = 8*j**2 + 150*j + 445. Determine s(-15).
-5
Let o(i) = -51*i**2 - 397*i. Determine o(-7).
280
Let j(k) = k**3 - 12*k**2 - 30*k + 11. Calculate j(14).
-17
Let d(k) = -k**3 - 6*k**2 - 35*k - 329. Calculate d(-8).
79
Let q(c) = -64*c - 630. Determine q(-9).
-54
Let m(u) = -8*u - 86. Calculate m(-24).
106
Let w(t) = 28*t + 214. Determine w(-9).
-38
Let y(h) = -142*h**2 - 709*h - 48. What is y(-5)?
-53
Let i(u) = -175*u - 363. Calculate i(-2).
-13
Let o(r) = r**2 + 119*r + 3381. Give o(-47).
-3
Let t(l) = -l**2 + 83*l - 902. Determine t(56).
610
Let t(z) = -117*z + 1185. What is t(10)?
15
Let t(b) = b + 23. Give t(40).
63
Let o(d) = 185*d - 171. Give o(1).
14
Let a(w) = 2*w**2 - 58*w - 56. Give a(30).
4
Let o(a) = -112*a**2 - 3*a - 8. Give o(0).
-8
Let w(j) = 16*j + 371. Determine w(-25).
-29
Let x(b) = 9*b**2 + 891*b + 1. Calculate x(-99).
1
Let q(u) = -2374*u - 4758. Calculate q(-2).
-10
Let n(d) = d**2 - 275*d + 15127. Calculate n(76).
3
Let v(l) = -4*l + 136. Determine v(47).
-52
Let q(s) = s**3 - 14*s**2 - 2*s + 17. Give q(14).
-11
Let g(s) = -s**2 - 13*s + 79. Give g(0).
79
Let d(m) = -3*m**2 + 72*m - 158. What is d(4)?
82
Let c(g) = g**3 + 12*g**2 - 107*g - 4. Give c(6).
2
Let v(x) = -x**3 - 17*x**2 - 35*x + 87. Calculate v(-14).
-11
Let m(f) = f**3 - 5*f**2 - 143*f + 973. Determine m(9).
10
Let b(p) = -182*p - 9470. Give b(-52).
-6
Let k(j) = -j**3 + 6*j**2 + 6*j - 13. Determine k(2).
15
Let h(i) = -84*i + 698. What is h(10)?
-142
Let v(b) = -b**2 - 7*b + 2697. Give v(50).
-153
Let k(n) = -2*n**2 + 5*n + 1125. Give k(25).
0
Let k(a) = -4*a**3 + 26*a**2 - 18*a + 35. Determine k(6).
-1
Let m(w) = 301*w - 897. Determine m(3).
6
Let z(c) = -70*c - 588. Calculate z(-15).
462
Let v(h) = 2*h + 89. Calculate v(-36).
17
Let s(i) = -94*i - 5. Calculate s(0).
-5
Let a(b) = -50*b**2 + 4*b - 4. Calculate a(1).
-50
Let i(d) = -d**3 + 3*d**2 - 41*d + 117. What is i(3)?
-6
Let l(h) = 956*h - 7399. Determine l(8).
249
Let x(a) = -a**3 - 18*a**2 + 79*a + 31. Determine x(-22).
229
Let p(u) = -506*u + 23270. Calculate p(46).
-6
Let n(v) = -9*v**3 - 10*v**2 - 6*v + 2. Calculate n(-2).
46
Let y(q) = -2*q**3 + q**2 - 10*q - 59. Calculate y(-5).
266
Let t(y) = 610*y + 1002. Calculate t(-2).
-218
Let k(x) = -2*x**3 - 2*x**2 - 8*x + 3. Calculate k(-3).
63
Let h(s) = -3*s**3 - s**2 - 5*s - 52. What is h(0)?
-52
Let t(w) = -w**3 + w**2 + 34*w + 13. What is t(-5)?
-7
Let n(x) = 12*x**2 - 5*x + 30. Calculate n(5).
305
Let v(q) = q**3 - 212*q**2 - 424*q - 836. Calculate v(214).
20
Let y(w) = -25*w - 11. Calculate y(1).
-36
Let n(g) = g**2 - 19*g + 189. Give n(8).
101
Let d(u) = -u**2 - u - 4. Calculate d(-1).
-4
Let d(o) = o**3 - o**2 - 22*o + 62. What is d(-5)?
22
Let h(p) = -1082*p + 15135. Give h(14).
-13
Let u(i) = -11*i**2 + 361*i + 18. What is u(33)?
-48
Let z(m) = -71*m**2 - 45*m. Give z(2).
-374
Let f(i) = i**3 + 108*i**2 - 222*i - 215. Calculate f(-110).
5
Let b(i) = i**2 + 51*i + 536. Determine b(-15).
-4
Let v(p) = -45*p + 399. Give v(9).
-6
Let s(u) = 3*u**2 - 48*u + 69. What is s(9)?
-120
Let z(n) = 2*n**2 + 16*n - 22. What is z(5)?
108
Let o(q) = 5*q + 139. Calculate o(-25).
14
Let a(o) = o**3 + 8*o**2 - 4*o - 20. What is a(-8)?
12
Let s(x) = 4113*x + 123392. Give s(-30).
2
Let o(b) = b**2 + 1198*b + 1198. Give o(-1).
1
Let u(g) = 41*g + 944. What is u(-23)?
1
Let s(d) = 12365*d + 3. Calculate s(0).
3
Let d(o) = o**3 - 16*o**2 - 54*o + 13. Determine d(19).
70
Let k(l) = -34*l**2 + 4*l - 2. What is k(1)?
-32
Let x(d) = -d**3 - 5*d**2 - 57*d - 636. Calculate x(-8).
12
Let c(r) = 4*r**2 + 88*r - 76. Calculate c(-23).
16
Let c(h) = h**3 + 18*h**2 - 326*h + 16. What is c(11)?
-61
Let z(h) = 16*h - 447. What is z(28)?
1
Let m(r) = 280*r + 299. Calculate m(-1).
19
Let n(u) = -214*u**2 + 429*u - 8. What is n(2)?
-6
Let i(q) = -4*q**2 - 3*q + 165. Determine i(-9).
-132
Let f(u) = -199*u - 7594. Calculate f(-38).
-32
Let f(s) = -5*s**2 + 305*s + 312. Determine f(62).
2
Let a(y) = -y**3 - 32*y**2 - 249*y + 13. What is a(-18)?
-41
Let z(w) = 589*w + 5930. Give z(-10).
40
Let g(l) = 51*l**2 - 8*l - 17. Calculate g(-2).
203
Let l(r) = r**3 + 158*r**2 - 643*r - 15. Give l(4).
5
Let y(s) = s**3 + 2*s**2 - 20*s - 39. Calculate y(-5).
-14
Let p(c) = -c**2 + 45*c - 358. What is p(35)?
-8
Let i(x) = -x**2 - 20*x - 265. Calculate i(-13).
-174
Let u(z) = -2*z**3 + 42*z**2 + 27*z - 292. What is u(21)?
275
Let a(z) = z**2 + 42*z - 483. Give a(10).
37
Let s(u) = -u**3 - 159*u**2 + 149*u - 1762. Calculate s(-160).
-2
Let q(k) = -2*k + 135. What is q(74)?
-13
Let u(g) = 125*g - 1100. What is u(8)?
-100
Let i(a) = 6*a**3 + 64*a**2 - 9*a + 147. Calculate i(-11).
4
Let n(b) = -36*b**2 + 334*b + 293. Calculate n(10).
33
Let w(a) = a**3 - 2*a + 6. Give w(0).
6
Let o(r) = -r**3 - 23*r**2 + 70*r - 188. Determine o(-26).
20
Let i(q) = 4*q**3 - 243*q**2 - 71*q + 112. Give i(61).
-498
Let l(p) = -22*p - 76. Determine l(-6).
56
Let b(r) = 23*r**2 - 2159*r - 45. What is b(94)?
237
Let k(o) = 3*o**2 - 15*o - 214. Calculate k(-6).
-16
Let n(b) = 5*b + 17. Give n(-1).
12
Let q(i) = 442*i + 3814. Give q(-8).
278
Let u(q) = -4*q**2 - 33*q - 214. Give u(-9).
-241
Let m(c) = -c**3 - 5*c**2 - 44*c - 263. Give m(-6).
37
Let k(r) = -9*r - 235. Determine k(-23).
-28
Let s(m) = 5*m**3 - 24*m**2 - 10*m + 44. Give s(5).
19
Let c(f) = -2*f**3 + 4*f**2 - f - 8. Determine c(6).
-302
Let f(x) = -x**2 - 4*x + 27. What is f(-4)?
27
Let x(f) = 129*f - 905. Give x(8).
127
